 -b. What are the prime factors of -6 - -4 - (u - 0)?
11
Let d(h) = 2*h**2 + 5*h + 4. Suppose 3 = -2*f + f. Let a be d(f). Let v = 13 - a. What are the prime factors of v?
2, 3
Let h(z) = z**2 - 4*z + 6. List the prime factors of h(6).
2, 3
Let r(k) = -k**3 + 7*k**2 - 4*k + 2. Let g be r(6). Let h be 18/9 - -1*3. Suppose 4*b = -y + 20, -2*y + h*b = -0*b - g. List the prime factors of y.
2, 3
Let h = 7 + 34. Suppose 0 = -2*q - 3*n + 2*n + 2, -q + n = -7. Suppose h = 2*r + q*o, -3*r - 5*o = -2*o - 57. List the prime factors of r.
2
Suppose -i + 4*w + 51 = 0, 0*w + 47 = i - 3*w. What are the prime factors of i?
5, 7
Let i(f) = -f**2 - 1. Let h(b) = -b**3 - 9*b**2 + 10*b + 1. Let a = 3 - 1. Let g(u) = a*i(u) - h(u). List the prime factors of g(-8).
13
Suppose 0 = 2*j + 2*j. Let d be j + (3 + -2)*3. Suppose -18 = -3*g - 2*o - 0, -6 = -g + d*o. List the prime factors of g.
2, 3
Suppose 45 = 7*f - 2*f. Suppose 6*n - 5*n - f = 0. List the prime factors of n.
3
Let w be 12/9*54/(-4). Let z = 48 + w. What are the prime factors of z?
2, 3, 5
Let a(x) = -x**3 + 7*x**2 + 11*x + 6. Let q be a(8). List the prime factors of q/25*15/6.
3
What are the prime factors of -2*-3*(-20)/(-24)?
5
Let j(n) = -n + 6. Let c be j(6). Suppose -3*k = 3, c = 2*f + 3*f + 5*k + 5. Suppose 3*x + 8 = 4*s - 5, f = -2*s + 5*x - 11. What are the prime factors of s?
7
Let d = 120 + -68. List the prime factors of d.
2, 13
Suppose -n - 20 = -6*n. Suppose 2*y + 2*y - n*b = -12, -3*y = 4*b - 12. Suppose 3*a + y*a - 24 = 0. List the prime factors of a.
2
Let v(w) = -w**3 + 8*w**2 - 3*w - 3. What are the prime factors of v(7)?
5
Suppose 4*w - 2*r = w + 22, -4*w + 5*r = -20. List the prime factors of (-2)/w + 705/25.
2, 7
Suppose 9*p - 960 = p. List the prime factors of p.
2, 3, 5
Let s = -6 - -7. Let f(j) = 0 - s + 2 + 5 - 2*j**2 - j**3 + 7*j. What are the prime factors of f(-4)?
2, 5
Let j = 20 - 18. List the prime factors of j.
2
Let c = 219 - 65. What are the prime factors of c?
2, 7, 11
Let w(c) = c**2 - c - 2. Let k = -7 + 1. List the prime factors of w(k).
2, 5
Let o = 1 - 10. Let u = -5 - o. List the prime factors of u.
2
Let f = -76 + 168. What are the prime factors of f?
2, 23
Let t = 7 + -7. Suppose -5*l + 40 + 25 = t. List the prime factors of l.
13
Let r be -14 + (0 + 2)/(-2). Let b(y) = 27*y**3 + 2*y**2 - 1. Let k be b(-1). Let v = r - k. List the prime factors of v.
11
Suppose 2*p + 4*x - 66 = p, -2*p + 2*x = -142. What are the prime factors of p?
2, 5, 7
Suppose 0 = -0*a + 3*a - 12. Suppose 0 = -a*p - 0*o - 4*o + 136, -215 = -5*p + 4*o. List the prime factors of p.
3, 13
Let l = 18 + 49. List the prime factors of l.
67
Let j = 146 + -6. List the prime factors of j.
2, 5, 7
What are the prime factors of -2 - 19/(19/(-390))?
2, 97
Let a = 26 - 37. Let j = a - -14. List the prime factors of j.
3
Let l(v) = v**3 + 14*v**2 - 4*v - 3. List the prime factors of l(-14).
53
Let a = 91 + -64. Let b = 57 - a. Suppose 2*s = 5*u - b, -2*u + 5*s + 23 = 2*s. List the prime factors of u.
2
Let l = 11 - 8. What are the prime factors of (-6)/9 - (-41)/l?
13
Let r = -9 - -13. Let l = r + -7. What are the prime factors of 1 + 3/(-9)*l?
2
Let g be (-2)/(-1) - (-36)/2. Let n be 15*(2/3 - 0). Suppose 0 = 5*z - n - g. List the prime factors of z.
2, 3
Suppose 63 = 3*h - 54. What are the prime factors of h?
3, 13
Let o = -142 - -333. List the prime factors of o.
191
Let w be (6/(-1))/((-3)/75). Suppose -w = 2*y + 3*y. Let b = 42 + y. What are the prime factors of b?
2, 3
Let s(c) = -5*c - 11. Let r be s(-10). Let b = -5 - -8. Suppose -b*g - 3*w = -r, 0 = 3*g + w - 2*w - 59. What are the prime factors of g?
2, 3
List the prime factors of (-18)/30 + (-2439)/(-15).
2, 3
Suppose 0*p = 4*p - 20. Suppose 4*u = b - 14 + 1, 3*b = -p*u + 5. List the prime factors of b.
5
Suppose 15 = -4*l - 13. Let i(t) = t**3 + 7*t**2 - t + 4. What are the prime factors of i(l)?
11
Let o be -3*((-38)/3 + -4). What are the prime factors of 247/5 + (-20)/o?
7
Let j(o) = -2*o - 6*o**3 + o**2 - 1 + 0*o**2 + 3*o**2 + 5*o**3. Let n be j(2). Suppose 0 = 4*h - 9*h + 20, n*f - 27 = -3*h. List the prime factors of f.
5
Let t = 198 - 83. What are the prime factors of t?
5, 23
Let g = -113 + 200. What are the prime factors of g?
3, 29
Suppose -2*x + 18 = 3*q, -x + 22 = -4*q - q. Let g be (-1)/(64/20 - 3). Let j = x + g. What are the prime factors of j?
7
Let n = 291 - 184. What are the prime factors of n?
107
Let z = 17 + -12. Suppose 0 = 3*o + 2*o - 10. Suppose -o*l + 9 + z = 0. List the prime factors of l.
7
Suppose 0 = -5*b + 2*b + 12. Suppose 39 = b*u - 4*r - 29, -u = r - 17. List the prime factors of u.
17
What are the prime factors of (-21)/(-15)*(-52)/(-14)*25?
2, 5, 13
Let d = 25 + 89. List the prime factors of d.
2, 3, 19
List the prime factors of (-33)/(-18)*-2*(-26 + -1).
3, 11
Let j(z) = 25*z**2 - 2*z + 1. List the prime factors of j(1).
2, 3
Let h(i) = 6*i - 13. Let y be h(11). Let u = -35 + y. Let d = -10 + u. List the prime factors of d.
2
Suppose i + 42 = 8*i. List the prime factors of i/(-4)*348/(-9).
2, 29
Suppose -1 = -w - 0. Let b(k) = 14*k**2 + k - 1. What are the prime factors of b(w)?
2, 7
What are the prime factors of 5 + -1 + 21*3?
67
Let c = -9 - -42. Suppose c = -6*d + 9*d. What are the prime factors of d?
11
Let z = -96 + 229. What are the prime factors of z?
7, 19
Let h(k) = 2*k + 13. What are the prime factors of h(0)?
13
What are the prime factors of (84/5)/(12/270)?
2, 3, 7
Let n be 6 - (3 - 0/(-1)). Suppose -2*z - 4*h = -3*h - 55, n*z + 3*h - 75 = 0. List the prime factors of z.
2, 3, 5
Suppose 0*h - 4*h = -20. Suppose 3*d - h*d + 48 = 0. What are the prime factors of d?
2, 3
Let r = 4 - -2. List the prime factors of 80/r + 2/3.
2, 7
Suppose -8*r + 145 = -3*r. List the prime factors of r.
29
Let r(b) = -b**3 - 10*b**2 - 8*b + 11. Let x be r(-9). Suppose -4*u - x*c = -40, -3*u - 11 = 2*c - 41. Let v = 27 - u. What are the prime factors of v?
17
Let t be -1 - (-3)/(-2)*-2. Suppose 0 = 4*w - 3*f + 3, -w - 2*f = 2*f - 23. What are the prime factors of t/w - (-39)/9?
5
Let a(t) = -2*t - 2. Suppose -5*c + 12 = 2. Let w = -1 - c. List the prime factors of a(w).
2
Suppose 798 = 5*x + 2*x. What are the prime factors of x?
2, 3, 19
Let w(p) = -11*p + 7. Let d be w(-7). Suppose 0 = -3*j - 18 + d. List the prime factors of j.
2, 11
Suppose 5 = 2*p + z, 0 = -4*p + 5*z + 30 + 15. Suppose -p*x + x - 2*s = -80, -2*s + 4 = 0. List the prime factors of x.
19
Let y(m) = m + 9. List the prime factors of y(9).
2, 3
Let z be 54/(-8) - (-9)/12. Let t be (-32)/z - (-8)/(-24). Suppose 120 = t*y + 2*w, -y - 2*w + 30 = -2. What are the prime factors of y?
2, 11
Suppose 0 = -6*b + b + 15. Suppose 17 = -n + 5*p - 3, p = b*n + 18. Let t = -2 - n. What are the prime factors of t?
3
Let l(w) = -w**2 + 2*w + 1. Let p be l(3). Let u = p + 9. Let c(q) = q**3 - 8*q**2 + 7*q + 10. List the prime factors of c(u).
2, 5
Suppose 2*o = -k + 10, -4*o = 6*k - 2*k - 16. Let c = 3 - o. What are the prime factors of (2 + -2 - c)*4?
2, 3
List the prime factors of 420*(26/(-10) + 3) + -1.
167
Let h(l) = -69*l**3 + 2*l - 1. Let z = -5 + 6. Let k be h(z). List the prime factors of (-1)/2 + k/(-8).
2
Let l(s) = s**3 + 6*s**2 - 5*s - 2. Let p be l(-3). Suppose v + v = p. List the prime factors of v.
2, 5
Let x = 109 + -56. List the prime factors of x.
53
Let k(p) = -4*p + 10. Let n(s) = -11*s + 31. Let u(h) = -8*k(h) + 3*n(h). Let r be u(6). Let x = 4 + r. List the prime factors of x.
11
Suppose 4*f - 765 = 251. What are the prime factors of f?
2, 127
Let m be (-1)/(14/(-13) + 1). List the prime factors of (-2)/2*3 + m.
2, 5
Let x be -6 - -5 - -3*2. Suppose -d + 8 = 5*l, 0 = 5*d - 6*l + l - 10. Suppose d + 12 = x*g. List the prime factors of g.
3
Let k = 3 - 4. Let o = k + 8. List the prime factors of o.
7
Suppose -2*j + 9 = j. Suppose -2*s + j = 4*p - p, -4*s - 29 = -p. List the prime factors of 2/s - (-111)/9.
2, 3
List the prime factors of (4 - (-1 - -3)) + 51.
53
Let n(q) be the third derivative of -q**6/120 + q**5/10 - 7*q**4/24 + q**3 - q**2. Suppose 0*v + 20 = 5*v. What are the prime factors of n(v)?
2, 5
Let p be ((-260)/(-25))/(4/10). List the prime factors of (56/10)/(p/65).
2, 7
Let g be (-4)/6 + 40/6. List the prime factors of g/5*(8 + -3